3))/(k/(-30)). Suppose -2*i + t = 3*i. Let z(d) = -d**3 + 5*d**2 - 5*d + 1. What is z(i)?
-3
Let k(p) = -p**2 - 1 + 2*p + 5*p**2 + p - 3*p**2. Determine k(-4).
3
Let t(j) = -4 - 4*j - 5*j + 2*j - j**2 + 0. Determine t(-6).
2
Suppose 15 = k + 2*k. Suppose k*r = 10*r. Let l(i) = -7*i**2 + 7*i + 9. Let p(y) = 20*y**2 - 20*y - 26. Let g(d) = 17*l(d) + 6*p(d). Give g(r).
-3
Let z(f) = 12*f. Let r(a) = 2*a + 13. Let m be r(-7). What is z(m)?
-12
Let b(i) be the third derivative of -i**6/120 - i**4/24 + 5*i**3/6 - 9*i**2. Suppose 5*n = 7*n. Determine b(n).
5
Let g(k) = 4*k**2 + k**3 - 1 - 3 - 5*k + 7*k. Suppose -3*i + 6 = j, 3*i - 4*i = 3*j - 2. Suppose 0*t = -i*t - 6. Determine g(t).
-1
Let b(z) = -z + 2. Let o be b(-3). Suppose o*x - 10 = -5*r, -3*x - r + 4*r + 24 = 0. Let d(y) = y**2 - 6*y - 1. Give d(x).
-6
Let u(p) = -2*p + 1. Let x be 2 - -1*(-1)/1. Calculate u(x).
-1
Let l(n) = 3 - 8*n - 7 + 7*n. Determine l(-5).
1
Let m = 7 - 4. Let h = 0 + m. Let r(a) = a**2 - 3*a - 4. Give r(h).
-4
Let y(v) = -v**2 - 7*v - 234 + 230 + v**3 - 5*v**2. Determine y(7).
-4
Suppose l - 7*l = 0. Let w be 2/4 + 3/2. Suppose -p + l*p - 4*m = 20, -3*p + w*m = -10. Let o(d) = -d**2 - d - 2. Determine o(p).
-2
Let b(h) = h**2 + 1. Let q(t) = 10*t**2 - 4*t + 9. Let m(x) = -6*b(x) + q(x). What is m(2)?
11
Let y(v) = -2*v + 3. Suppose 2*u - 30 + 10 = 0. Let p be 25/u*(-6)/5. Give y(p).
9
Let r(m) = m - 3. Let n be 1*3*1/3. Let o be -5 + 6 - n*5. Let l(u) = -u + 2. Let y(j) = o*l(j) - 3*r(j). What is y(2)?
3
Suppose 0 = -2*h + 3*l + 22, -5*h + 26 = 2*l - 10. Let o(f) = 2*f - 4. Determine o(h).
12
Let g be 17/(-5) + (-8)/(-20). Let v(d) = d**3 + d**2 - 2*d - 1. Give v(g).
-13
Let z(c) = 15*c**2 - c - 9. Let w(v) = 8*v**2 - 5. Let o(a) = 5*w(a) - 3*z(a). Suppose 1 = -3*s + 19. Let n(q) = q**2 - q. Let g(d) = s*n(d) + o(d). Give g(3).
2
Let r(d) = 14*d. Suppose 2*y - 7 = -5*b, -b - y = -1 - 1. What is r(b)?
14
Let w(r) = 5*r + 2. Let a = 50 - 47. Calculate w(a).
17
Let r(u) = -3*u**3 + 26*u**2 - 26*u + 3. Let f(s) = s**3 - 9*s**2 + 9*s - 1. Let b be 90/8 - (-10)/(-40). Let h(y) = b*f(y) + 4*r(y). Calculate h(4).
-3
Let w be (-14)/3 + 12/18. Let a(u) = u**2 + 4*u + 1. Let y be a(w). Let m(n) = -4*n**2. Determine m(y).
-4
Let f be -2 - (1*-3 + -2). Let l(p) = -p + 2*p + 0*p + f. Let n be (1*(9 - 4))/1. Calculate l(n).
8
Let f(q) = q**3 - 7*q**2 - 6*q - 13. Let k be f(8). Let j(v) be the third derivative of -1/2*v**k + 1/8*v**4 - 3*v**2 + 0 + 0*v. Determine j(2).
3
Let j(k) = 3*k**2 + 11*k - 11*k - 1 - 2*k**3 + 0*k**2. Let r(p) = -p**3 + 2*p**2 + 2. Let u be r(2). What is j(u)?
-5
Let l(t) be the second derivative of -t**7/840 + t**6/120 - t**4/6 + t**3/6 - 2*t. Let d(y) be the second derivative of l(y). Let c = -3 - -6. Calculate d(c).
-4
Let g = -24 + 34. Let u be (2 + g)/2 - 1. Let h(f) = -f. Let o(l) = -4*l - 5. Let b(k) = 6*h(k) - o(k). What is b(u)?
-5
Let y(o) be the first derivative of o**4/24 + o**3/6 - o**2/2 + 3. Let t(s) be the second derivative of y(s). Determine t(-2).
-1
Let u(f) = f**2 + 7*f + 4. Let b be u(-5). Let t be 4/b + (-13)/3. Let a(d) = -2*d - 3. Let l(m) = 2. Let z(c) = a(c) - 2*l(c). What is z(t)?
3
Let o be (-1)/((-2)/(-4)) - -2. Let z = o - -2. Let i = 5 - z. Let h(l) = l**3 - 4*l**2 + l - 1. Determine h(i).
-7
Let c = -12 + 17. Let i(t) = -t**3 + 4*t**2 + 8*t - 6. Calculate i(c).
9
Let v = -22 + 16. Let k(z) = 8*z + 3. Let i(h) = 7*h + 4. Let m(w) = 3*i(w) - 2*k(w). Let r(l) = -9*l - 11. Let b(t) = v*r(t) - 11*m(t). Determine b(-2).
2
Let l(p) be the first derivative of -1/2*p**2 + 1/4*p**4 + 3 + 0*p**3 + 7*p. Determine l(0).
7
Let u(y) be the first derivative of -2*y**3 + y**2/2 - y - 1. Let n(v) = v**2 + 10*v + 11. Let k be n(-9). Suppose w = 4*z - w + 6, k*z = 3*w - 13. Give u(z).
-6
Let k(w) = 5*w**3 + w**2. Let m(p) = -p**2 + 6*p - 2*p + 0*p**2 + 4. Suppose -6*c + 2*c - 7 = -3*u, u = 3*c - 1. Let n be m(u). Determine k(n).
-4
Let k(t) = t + 1. Let s(y) = y. Let o(i) = -2*k(i) + s(i). Let r = 2 + -5. What is o(r)?
1
Let o(s) = s**3 + s + 4. Let w(x) = x**3 + 20*x**2 - x - 20. Let d be w(-20). Calculate o(d).
4
Suppose -l - 4 = l. Let u(j) = -4*j + 1. What is u(l)?
9
Let x(f) = -6*f**2 + 12*f + 9. Let o(n) = n**2 - n - 1. Let p(v) = -5*o(v) - x(v). What is p(7)?
-4
Let z be -4 + 5 - (0 - -1). Suppose 29 = 5*c + n, 0 = -4*c + 3*c + 3*n - 7. Suppose -4 = -4*r - z*r - 4*a, c*a = 15. Let o(f) = f + 2. Calculate o(r).
0
Let s(g) = -g**3 + 0*g**2 - 2*g**2 - 2 + 3*g - 6*g. What is s(-2)?
4
Let x(c) be the first derivative of c**3/3 + 3*c**2 + c - 19. What is x(-7)?
8
Let w(t) be the first derivative of -t**3/3 + t**2/2 + t - 8. What is w(2)?
-1
Let u(r) = -13*r**2 + 5*r - 3. Let y(k) be the first derivative of 7*k**3/3 - 3*k**2/2 + 2*k - 3. Let m(z) = 3*u(z) + 5*y(z). Give m(-1).
-3
Let v(y) = 2*y**3 + 2*y - 6 + 2 - 3*y**3 - 6*y**2 - 4*y. What is v(-6)?
8
Let f(a) = 2 + a**3 + 404*a - 204*a - 199*a - 4*a**2. Suppose 0 = -4*n + 2*v + 11 - 3, 4 = -n + 2*v. Calculate f(n).
6
Let i(a) be the first derivative of 1/2*a**2 - 1/3*a**3 + a - 1. Let p be 3/((-30)/(-4))*5. Calculate i(p).
-1
Let p(m) = -m - 3. Let x(h) = -h - 5. Suppose 0*s + 5 = s. Let d(n) = s*p(n) - 3*x(n). What is d(1)?
-2
Let x(q) be the third derivative of 0*q + 1/8*q**4 - q**3 + 1/60*q**5 + 0 + 3*q**2. Give x(-5).
4
Let c be -6 - (-4 - -1*2). Let t(a) = -a - 8. Let h be t(c). Let p(n) be the first derivative of -n**4/4 - 5*n**3/3 - 3*n**2 - 43. Calculate p(h).
8
Suppose 5*h = -10 - 15. Let i(t) be the first derivative of -t**2/2 - 12*t - 6. Give i(h).
-7
Suppose 81*j = 89*j. Let p(b) be the second derivative of b**4/12 + b**3/6 + b**2/2 - b. Determine p(j).
1
Let u(t) = 0 + t + 5 + 1. Suppose -5*k - 7 = -2*f + 63, -4*f - 2*k = -140. Let y be f/(-6) - (-8)/(-48). Determine u(y).
0
Let t = 12 - 18. Let i(g) = -2*g + 5. Determine i(t).
17
Suppose -2*h + t - 4*t + 13 = 0, 5*h - 2*t = 23. Let q(p) = p**2 - 6*p + 5. Determine q(h).
0
Let c(t) = -1 - 1 - t + 0*t. Let v(h) be the first derivative of h**4/4 - h**3 - 2*h**2 + 4*h + 2. Let r be v(4). Calculate c(r).
-6
Let m(a) = a**3 + 7*a**2 - 2*a - 4. Let q = 33 - 40. Give m(q).
10
Let i(q) = -6*q**2 + q**3 + 5*q - 4 + 2*q + 8. Let z(n) = 2*n**3 - 5*n**2 + 6*n + 3. Let o(h) = 4*i(h) - 5*z(h). Determine o(1).
-6
Let t(w) = 6*w**3 + w - 1. Suppose -105 = -5*r + 5*y, -7 = -2*r - 5*y - 0*y. Suppose -5*h = 3*l + r, -6*h = -l - 2*h + 23. Let s be 0/l + (4 - 3). What is t(s)?
6
Let w(p) = -3*p**3 - 2. Let y be w(-2). Suppose 3*r - 5*r - 4 = -2*c, y = 3*c + r. Let i(o) = o + 4. Calculate i(c).
10
Suppose t + 27 = -2*t. Let v be (-2)/4 + t/(-2). Let g(n) = 3*n. Let c(j) = 4*j + 1. Let s(r) = -4*c(r) + 5*g(r). Give s(v).
-8
Let r(i) = -5*i + 2. Let g be r(-1). Let d(n) = 8 + 1 - g + 3*n. Determine d(-5).
-13
Let p = 25 - 32. Let m(u) = -u**3 - 7*u**2 - 3. Give m(p).
-3
Let r(m) = m**2 + 7*m + 3. Let h be r(-6). Let k = h - -5. Let f(y) be the first derivative of -2*y**3/3 + y**2/2 + 2*y + 1. What is f(k)?
-4
Let q(n) = -n - 3. Let c be q(-5). Let i(j) = 0 - j - c - 2. Suppose 3*t + 2*v - 2 = 0, 0 = 3*t - 4*v - 2 + 24. Calculate i(t).
-2
Let p(n) = n**3 - 4*n**2 + 2*n - 4. Let l be p(4). Suppose 2*g + 2 = l*g. Let x(f) = 2*f**2 + 1. What is x(g)?
3
Let n(i) = 3*i + 2. Let a(f) = 2*f + 1. Let o(d) = 5*a(d) - 3*n(d). Let q(y) = y**3 + 1. Let g be q(0). What is o(g)?
0
Let v be (-3)/(-2 + 3/6). Let o(h) = -v*h**3 - h + 4 + 2*h + 0*h**3 + h**3 - 3*h**2. What is o(-3)?
1
Let c(z) = z**3 + 3*z**2 + 3*z. Let j(h) = -h**3 - 9*h**2 + 9*h - 13. Let y be j(-10). Give c(y).
-9
Let r(i) be the second derivative of i + 0 - 1/6*i**3 - 1/2*i**2. Suppose f + 3*s + 15 = 0, f + s + 3*s = -20. Give r(f).
-1
Let k(c) = -11 - 17 - 2*c + 34 - 3*c - c**2. Let a(m) = m**3 + 5*m**2 - 4*m + 6. Let w be a(-6). Give k(w).
0
Let k(s) = s**2 + 2*s - 2. Let u be (1/5 + -1)*5. Calculate k(u).
6
Let m(o) = 2*o - 4. Let r be m(3). Let k(l) be the second derivative of -l + 0*l**2 - 1/6*l**3 + 0. What is k(r)?
-2
Let v(n) = -6*n. Let u(a) = 5*a - 1. Let l(j) = 7*u(j) + 6*v(j). Let t = -1 + 4. Suppose -b - 3 = -r, 12 = -t*r - r - 4*b. Calculate l(r).
-7
Let y(c) = c**3 + 3*c**2 + 3*c + 3. Let o be y(-2). Let n(u) = 2*u**3 - u + 1. Let q be n(1). Let r(m) = -5*m**2 - q*m**2 + 2 - 1. Determin